e 9, what is -114855 + -5?
-114861
In base 15, what is -6147d - -d?
-61470
In base 8, what is 3012 + -22?
2770
In base 14, what is 673 + -6d9?
-66
In base 10, what is 0 + -13378?
-13378
In base 4, what is 3100013101 + 1?
3100013102
In base 16, what is 18 + -a99?
-a81
In base 9, what is -42 - 10872?
-11024
In base 5, what is 14144043 - -1?
14144044
In base 11, what is -5274a5 - -3?
-5274a2
In base 10, what is 0 - 749275?
-749275
In base 14, what is -10671d - 1?
-106720
In base 2, what is -10010001111111101110 - 0?
-10010001111111101110
In base 10, what is -10 + 203321?
203311
In base 4, what is -3 - -2102130?
2102121
In base 10, what is -277 - 9547?
-9824
In base 13, what is 2b822 + 4?
2b826
In base 6, what is 3103 - -51104?
54211
In base 6, what is 32 + 41055?
41131
In base 2, what is -101111110110011100 + -10?
-101111110110011110
In base 6, what is 12144 - -31?
12215
In base 4, what is -101113 + -302311?
-1010030
In base 7, what is -23 - 54340?
-54363
In base 9, what is -52 - -2501?
2438
In base 7, what is -2413414 + 0?
-2413414
In base 12, what is 63b7 - -a2?
6499
In base 3, what is -202112 - -1212?
-200200
In base 8, what is 1 - 1251?
-1250
In base 4, what is -300112033 - -112?
-300111321
In base 4, what is -2210 - -10121?
1311
In base 16, what is -391c + 3?
-3919
In base 6, what is 1123 - -214?
1341
In base 13, what is 5185 + 1?
5186
In base 4, what is -1030 + 2130?
1100
In base 13, what is -3b08 + 4?
-3b04
In base 6, what is -25202 + -10?
-25212
In base 9, what is -32 + -1856?
-1888
In base 15, what is 3 - 5cc1b?
-5cc18
In base 15, what is -2 - -68dd?
68db
In base 16, what is -2e1 - 71?
-352
In base 13, what is -3 - 199998?
-19999b
In base 7, what is 2416515 + 1?
2416516
In base 14, what is -19900 + -1a?
-1991a
In base 3, what is 12 + -1221020210?
-1221020121
In base 3, what is 120 - -22112000?
22112120
In base 15, what is -4b6 + 44?
-472
In base 5, what is 12 - 1214201?
-1214134
In base 9, what is 1233 + 3261?
4504
In base 4, what is -10 + -2212202?
-2212212
In base 8, what is 3160 - -127?
3307
In base 14, what is -d35 + 8a?
-c89
In base 13, what is b + 17466?
17474
In base 6, what is 1 - -24221531?
24221532
In base 6, what is 15301 + -5?
15252
In base 3, what is 0 - -220002111020?
220002111020
In base 3, what is 1 - 110220111?
-110220110
In base 13, what is 672a9 - a?
6729c
In base 16, what is eff + d8?
fd7
In base 5, what is -220230 - -442?
-214233
In base 5, what is 10 + 14401?
14411
In base 15, what is -aa0 - -4ae?
-5e1
In base 10, what is -136469 + 4?
-136465
In base 12, what is -4aa9 - -102?
-49a7
In base 5, what is 132142 - 1?
132141
In base 10, what is 23326 + -3?
23323
In base 3, what is -1 + -1200220110?
-1200220111
In base 6, what is -325530 + -1?
-325531
In base 12, what is 13 - 681?
-66a
In base 6, what is 2342303 - 1?
2342302
In base 3, what is -1111000101220 - 11?
-1111000102001
In base 10, what is -5 + 659880?
659875
In base 13, what is 11437 - -3?
1143a
In base 14, what is -3b + -25372?
-253ad
In base 5, what is -10 + 341130?
341120
In base 5, what is 1 - 433334?
-433333
In base 5, what is 1 + 130321?
130322
In base 2, what is 1 + -100000011011100000?
-100000011011011111
In base 12, what is 1647 + 11?
1658
In base 16, what is -35 + -1f4?
-229
In base 10, what is -15 - 3824?
-3839
In base 14, what is 9466 - -38?
94a0
In base 3, what is 1110000000 - 2220?
1102220010
In base 15, what is 16525 + 19?
1653e
In base 14, what is -3768 - 22?
-378a
In base 12, what is -15aa6 - 3a?
-15b24
In base 12, what is 3 + -5044?
-5041
In base 3, what is -2 - -22121000?
22120221
In base 8, what is 11374 - 7?
11365
In base 8, what is 12516 - -4?
12522
In base 14, what is 1 + 131a?
131b
In base 15, what is -2 + 1946c5?
1946c3
In base 5, what is -2 - 1030302444?
-1030303001
In base 3, what is 2020122122000 - -1?
2020122122001
In base 7, what is -5 - -63622?
63614
In base 7, what is -6 - -210220?
210211
In base 9, what is -588 + -230?
-828
In base 15, what is -37bd - -14?
-37a9
In base 6, what is -2112 - 15450?
-22002
In base 6, what is -25 - 10345?
-10414
In base 10, what is 697896 + 2?
697898
In base 8, what is -344 + -345?
-711
In base 6, what is 12 - -553413?
553425
In base 14, what is -4 + -2778d7?
-2778db
In base 11, what is 80 - 105?
-35
In base 8, what is 105 - 100620?
-100513
In base 12, what is -586 - 2?
-588
In base 7, what is -635433 + 3?
-635430
In base 4, what is -10221 + -12133?
-23020
In base 14, what is -4 - -1a3c7?
1a3c3
In base 10, what is -6880 - -23?
-6857
In base 7, what is 4142203 - 5?
4142165
In base 11, what is 0 - 137138?
-137138
In base 2, what is 10010100111110100100 + 11?
10010100111110100111
In base 8, what is -2 - -1357?
1355
In base 8, what is 1034 - -527?
1563
In base 9, what is -2 + -35517?
-35520
In base 3, what is 10122 + -221010?
-210111
In base 4, what is -2 - 3323201?
-3323203
In base 7, what is -104 - -6325?
6221
In base 8, what is -140350 + 3?
-140345
In base 6, what is -2332 - -405?
-1523
In base 12, what is -197 + -4237?
-4412
In base 8, what is 3144422 + 2?
3144424
In base 12, what is -193 - -55?
-13a
In base 3, what is 12 + 1122022?
1122111
In base 16, what is 2fb + 25?
320
In base 5, what is 2344 - 312?
2032
In base 6, what is -5041 - 3?
-5044
In base 12, what is -31b - -558?
239
In base 14, what is -13c80 - a?
-13c8a
In base 4, what is -2 - 2303302?
-2303310
In base 9, what is 20 + 1316?
1336
In base 4, what is -133012202 + 1?
-133012201
In base 2, what is 1 - 1100001110000101?
-1100001110000100
In base 5, what is -4341 + -13222?
-23113
In base 10, what is -1706 + 1?
-1705
In base 4, what is 10 - 32130202?
-32130132
In base 2, what is -1000001000001110101 + 100?
-1000001000001110001
In base 5, what is 1 + -2001300?
-2001244
In base 3, what is 10201120 - 2110?
10122010
In base 12, what is 2840 - 1b?
2821
In base 13, what is 29 + 194?
1c0
In base 3, what is -101110201 + 12?
-101110112
In base 2, what is 1011 + -11001101010101101000?
-11001101010101011101
In base 5, what is -1040302 + -44?
-1040401
In base 11, what is 262 + -5671?
-540a
In base 14, what is -cd4c - -45?
-cd07
In base 2, what is 100100 - 111010101001?
-111010000101
In base 14, what is 0 + 2a16?
2a16
In base 10, what is -20 + 1146?
1126
In base 7, what is -4 + 623230?
623223
In base 6, what is 130510 + -213?
130253
In base 3, what is 1210 - -20202020?
20211000
In base 13, what is -5091 - -9?
-5085
In base 5, what is 4314024 + -3?
4314021
In base 14, what is 2d108 + -2?
2d106
In base 8, what is -14 - -575247?
575233
In base 12, what is 1b0b + 8?
1b17
In base 10, what is 151584 - -23?
151607
In base 3, what is 11 - -10210202110?
10210202121
In base 11, what is -13 - 1067a4?
-106807
In base 14, what is 13 - 726?
-713
In base 13, what is 0 - -3b43?
3b43
In base 3, what is 1112201200 + 11?
1112201211
In base 12, what is -b680 + 13?
-b669
In base 12, what is b6 + -4b2?
-3b8
In base 14, what is b4b - 31?
b1a
In base 5, what is -21400 + -244?
-22144
In base 4, what is -111230 + -1321?
-113211
In base 13, what is 2 - 567b?
-5679
In base 13, what is 3 + -104658?
-104655
In base 11, what is -523 + 35?
-499
In base 15, what is -5c94 + 33?
-5c61
In base 11, what is 752a0 + 4a?
7533a
In base 15, what is -8e2 - -2e?
-8b3
In base 6, what is 0 - 10121325?
-10121325
In base 8, what is 4 - 1350?
-1344
In base 9, what is 2100 - -73?
2173
In base 7, what is -153 - -3241?
3055
In base 10, what is -3 - 350306?
-350309
In base 3, what is -2 - 21210020021?
-21210020100
In base 15, what is -2966 + -a?
-2971
In base 13, what is 3 + -26948?
-26945
In base 2, what is 101010 - 1111110?
-1010100
In base 5, what is -2001 - 241?
-2242
In base 10, what is -2056 + -26?
-2082
In base 2, what is 11001001010101001 - 110?
11001001010100011
In base 11, what is -2069 - -501?
-1668
In base 14, what is -1009c + -3?
-100a1
In base 11, what is 4192 - -1?
4193
In base 4, what is -32303 - 121?
-33030
In base 10, what is -99308 - -2?
-99306
In base 14, what is 79414 + 0?
79414
In base 9, what is -1575 - 1588?
-3274
In base 4, what is -33111 + -221?
-33332
In base 3, what is 22021212011002 - 10?
22021212010222
In base 5, what is 1041134 + -2?
1041132
In base 10, what is 2 + -370?
-368
In base 16, what is 5 + -47707?
-47702
In base 7, what is 252 - -3010?
3262
In base 15, what is 115